3, 971
List the prime factors of 1945743.
3, 131, 4951
What are the prime factors of 2579508627?
3, 23, 89, 420047
What are the prime factors of 23767700?
2, 5, 11, 17, 31, 41
What are the prime factors of 1328176149?
3, 47, 271, 34759
What are the prime factors of 157146290?
2, 5, 7, 131, 17137
What are the prime factors of 7042968889?
11, 41, 3329, 4691
List the prime factors of 30512404.
2, 13, 19, 89, 347
What are the prime factors of 20904922?
2, 10452461
List the prime factors of 380541178.
2, 190270589
What are the prime factors of 12845562?
2, 3, 43, 49789
List the prime factors of 1185939700.
2, 5, 11, 1078127
What are the prime factors of 170951098?
2, 557, 153457
What are the prime factors of 2545835344?
2, 13, 103, 118831
What are the prime factors of 6729952689?
3, 547, 455681
List the prime factors of 1493410924.
2, 373352731
List the prime factors of 1637167865.
5, 327433573
What are the prime factors of 76026495?
3, 5, 47, 107839
List the prime factors of 4261614565.
5, 13, 271, 241931
List the prime factors of 177028071.
3, 11, 5364487
List the prime factors of 25187011.
271, 92941
List the prime factors of 8997011367.
3, 311, 359, 26861
List the prime factors of 221425981.
7, 19, 1664857
List the prime factors of 121370567.
67, 757, 2393
What are the prime factors of 319768065?
3, 5, 29, 245033
What are the prime factors of 1353881602?
2, 676940801
What are the prime factors of 139234135?
5, 241, 115547
What are the prime factors of 731957550?
2, 3, 5, 157, 31081
List the prime factors of 3134182315.
5, 11, 56985133
List the prime factors of 38419944.
2, 3, 67, 23893
What are the prime factors of 35196186?
2, 3, 5866031
List the prime factors of 521526073.
191, 461, 5923
List the prime factors of 107115125.
5, 13, 29, 2273
List the prime factors of 585504650.
2, 5, 17, 37, 18617
List the prime factors of 15732291.
3, 59, 88883
List the prime factors of 533959045.
5, 397, 268997
What are the prime factors of 41607217?
163, 255259
What are the prime factors of 66241685?
5, 229, 57853
What are the prime factors of 4750276?
2, 17, 69857
What are the prime factors of 763838004?
2, 3, 23, 2767529
What are the prime factors of 944295478?
2, 7, 19, 3549983
What are the prime factors of 1137959258?
2, 568979629
What are the prime factors of 405564862?
2, 202782431
What are the prime factors of 141090010?
2, 5, 19, 742579
List the prime factors of 35675594.
2, 431, 41387
List the prime factors of 4640407871.
11, 2971, 141991
What are the prime factors of 54260589?
3, 41, 59, 7477
What are the prime factors of 57781994?
2, 28890997
List the prime factors of 1363101945.
3, 5, 79, 83, 13859
What are the prime factors of 62109783?
3, 6901087
List the prime factors of 178835922.
2, 3, 809, 12281
List the prime factors of 496865188.
2, 17, 7306841
What are the prime factors of 3010762748?
2, 7, 4337, 24793
What are the prime factors of 2693953543?
2693953543
List the prime factors of 4291725151.
7, 167, 239, 15361
What are the prime factors of 150898892?
2, 3853, 9791
What are the prime factors of 141887061?
3, 15765229
List the prime factors of 4223841064.
2, 607, 869819
What are the prime factors of 29366607?
3, 23, 425603
What are the prime factors of 288016448?
2, 17, 101, 2621
List the prime factors of 36152457.
3, 11, 1095529
What are the prime factors of 16530627?
3, 19, 290011
List the prime factors of 204016386.
2, 3, 7, 4857533
What are the prime factors of 2203899844?
2, 550974961
What are the prime factors of 1423287459?
3, 11, 14376641
List the prime factors of 2688571391.
11, 199, 1228219
What are the prime factors of 196133821?
13, 641, 23537
List the prime factors of 1325401922.
2, 13, 271, 188107
List the prime factors of 78847288.
2, 13, 29, 2011
What are the prime factors of 45959771?
11, 13, 321397
What are the prime factors of 1031782779?
3, 12738059
List the prime factors of 1159282332.
2, 3, 13, 283, 8753
List the prime factors of 2885816935.
5, 337, 661, 2591
List the prime factors of 278099484.
2, 3, 13, 1782689
What are the prime factors of 17815763?
7, 51941
What are the prime factors of 382644246?
2, 3, 73, 873617
What are the prime factors of 1866250031?
113, 137, 120551
What are the prime factors of 2664255551?
2664255551
What are the prime factors of 4668567?
3, 1556189
List the prime factors of 1438774164.
2, 3, 19, 12301
List the prime factors of 6501794700.
2, 3, 5, 21672649
List the prime factors of 214196802.
2, 3, 1061, 33647
What are the prime factors of 246480080?
2, 5, 7, 11, 40013
What are the prime factors of 31187685?
3, 5, 43, 48353
List the prime factors of 2549671717.
61, 41797897
What are the prime factors of 12611002?
2, 6305501
List the prime factors of 3742033334.
2, 13, 143924359
What are the prime factors of 2737189366?
2, 757, 769, 2351
What are the prime factors of 2647186429?
179, 929, 15919
What are the prime factors of 135628246?
2, 13, 41, 9787
What are the prime factors of 114741460?
2, 5, 5737073
What are the prime factors of 80186901?
3, 23, 1162129
What are the prime factors of 70792194?
2, 3, 11, 83, 12923
What are the prime factors of 68840239?
13, 37, 167, 857
What are the prime factors of 4493515290?
2, 3, 5, 11, 23, 107, 503
List the prime factors of 1235252383.
1235252383
List the prime factors of 7494507338.
2, 38903, 96323
List the prime factors of 94338169.
94338169
List the prime factors of 106892035.
5, 21378407
What are the prime factors of 852717224?
2, 103, 229, 4519
List the prime factors of 1458008543.
937, 1556039
What are the prime factors of 739756222?
2, 19, 23, 846403
What are the prime factors of 2367615012?
2, 3, 7, 59, 477727
List the prime factors of 350397110.
2, 5, 7, 43, 116411
List the prime factors of 52757970.
2, 3, 5, 17, 31, 47, 71
List the prime factors of 7464304483.
37, 47, 1607, 2671
What are the prime factors of 1103516663?
1103516663
List the prime factors of 163811261.
433, 378317
What are the prime factors of 3242842249?
101, 32107349
What are the prime factors of 661997418?
2, 3, 983, 112241
List the prime factors of 480391887.
3, 160130629
List the prime factors of 16113173.
16113173
List the prime factors of 27460251.
3, 7, 13, 33529
List the prime factors of 36429005.
5, 739, 9859
List the prime factors of 94343226.
2, 3, 15723871
List the prime factors of 76347541.
1493, 51137
List the prime factors of 2307876250.
2, 5, 47, 163, 241
List the prime factors of 35333321.
67, 157, 3359
What are the prime factors of 930427043?
7, 13, 173, 8443
List the prime factors of 2664963178.
2, 29, 4831, 9511
What are the prime factors of 28427301?
3, 7, 21487
What are the prime factors of 51382983?
3, 29, 590609
List the prime factors of 129882809.
7, 18554687
What are the prime factors of 1991313?
3, 97, 2281
List the prime factors of 4180333386.
2, 3, 331, 2104901
List the prime factors of 2827751799.
3, 3187, 295759
What are the prime factors of 804967739?
59, 971, 14051
List the prime factors of 50197976.
2, 6274747
List the prime factors of 7622921554.
2, 439, 8682143
List the prime factors of 42440337.
3, 181, 26053
List the prime factors of 612780784.
2, 7, 11, 103, 439
What are the prime factors of 852978113?
13, 31, 2116571
What are the prime factors of 86021201?
7, 12288743
List the prime factors of 2138838.
2, 3, 13, 17, 1613
What are the prime factors of 567888323?
1327, 427949
What are the prime factors of 1169596927?
19, 47, 1309739
List the prime factors of 4692156887.
11, 37, 1217, 9473
What are the prime factors of 1073941392?
2, 3, 23, 67, 14519
What are the prime factors of 613442823?
3, 7, 29211563
What are the prime factors of 318973154?
2, 23, 883, 7853
List the prime factors of 157054669.
157054669
List the prime factors of 543068519.
7, 17, 651943
What are the prime factors of 64908710?
2, 5, 6490871
What are the prime factors of 768157118?
2, 19, 20214661
What are the prime factors of 137012906?
2, 68506453
List the prime factors of 559037761.
419, 467, 2857
List the prime factors of 13083152.
2, 817697
List the prime factors of 60818178.
2, 3, 67, 151289
What are the prime factors of 157773110?
2, 5, 11, 101, 1291
List the prime factors of 39070992.
2, 3, 19, 42841
What are the prime factors of 58849419?
3, 1021, 19213
